{"id":500,"date":"2025-10-31T10:39:28","date_gmt":"2025-10-31T09:39:28","guid":{"rendered":"https:\/\/nicolas-dulion.com\/?page_id=500"},"modified":"2025-11-03T16:42:58","modified_gmt":"2025-11-03T15:42:58","slug":"qui-suis-je","status":"publish","type":"page","link":"https:\/\/nicolas-dulion.com\/index.php\/qui-suis-je\/","title":{"rendered":"Qui suis-je ?"},"content":{"rendered":"\t\t<div data-elementor-type=\"wp-page\" data-elementor-id=\"500\" class=\"elementor elementor-500\">\n\t\t\t\t<div class=\"elementor-element elementor-element-5481cd2e e-flex e-con-boxed e-con e-parent\" data-id=\"5481cd2e\" data-element_type=\"container\" data-settings=\"{&quot;background_background&quot;:&quot;classic&quot;}\">\n\t\t\t\t\t<div class=\"e-con-inner\">\n\t\t\t\t<div class=\"elementor-element elementor-element-71a3964b elementor-widget elementor-widget-heading\" data-id=\"71a3964b\" data-element_type=\"widget\" data-widget_type=\"heading.default\">\n\t\t\t\t\t<h1 class=\"elementor-heading-title elementor-size-default\">Coworking - Espace Entreprise Montpellier - Pitch de cr\u00e9ateurs d'entreprise - Association des entreprises de Garosud<\/h1>\t\t\t\t<\/div>\n\t\t\t\t<div class=\"elementor-element elementor-element-7c1b8eec elementor-widget elementor-widget-heading\" data-id=\"7c1b8eec\" data-element_type=\"widget\" data-widget_type=\"heading.default\">\n\t\t\t\t\t<h1 class=\"elementor-heading-title elementor-size-default\">Qui suis-je ? <\/h1>\t\t\t\t<\/div>\n\t\t\t\t<div class=\"elementor-element elementor-element-15ee67bb elementor-widget elementor-widget-heading\" data-id=\"15ee67bb\" data-element_type=\"widget\" data-widget_type=\"heading.default\">\n\t\t\t\t\t<h2 class=\"elementor-heading-title elementor-size-default\"><i>Entrepreneur montpelli\u00e9rain, b\u00e2tisseur de r\u00e9seaux et acteur engag\u00e9 du territoire, je crois profond\u00e9ment \u00e0 la force du collectif et \u00e0 l\u2019\u00e9nergie des rencontres.  <br>Mon parcours est une aventure humaine, celle d\u2019un homme convaincu que l\u2019entrepreneuriat transforme les vies et dynamise Montpellier.<\/i> <br> <br>\n\u00c0 travers trois structures majeures \u2013 <b>Espace Entreprise Montpellier, le Club LR et l\u2019Association des entreprises de GAROSUD<\/b> \u2013 il f\u00e9d\u00e8re les initiatives, favorise les \u00e9changes\net contribue \u00e0 faire rayonner l\u2019entrepreneuriat montpelli\u00e9rain.<\/h2>\t\t\t\t<\/div>\n\t\t\t\t<div class=\"elementor-element elementor-element-6d137a49 elementor-align-center elementor-widget elementor-widget-button\" data-id=\"6d137a49\" data-element_type=\"widget\" data-widget_type=\"button.default\">\n\t\t\t\t\t\t\t\t\t\t<a class=\"elementor-button elementor-size-sm\" role=\"button\">\n\t\t\t\t\t\t<span class=\"elementor-button-content-wrapper\">\n\t\t\t\t\t\t\t\t\t<span class=\"elementor-button-text\">D\u00e9couvrir mes engagements<\/span>\n\t\t\t\t\t<\/span>\n\t\t\t\t\t<\/a>\n\t\t\t\t\t\t\t\t<\/div>\n\t\t\t\t\t<\/div>\n\t\t\t\t<\/div>\n\t\t<div class=\"elementor-element elementor-element-405b474 e-flex e-con-boxed e-con e-parent\" data-id=\"405b474\" data-element_type=\"container\" data-settings=\"{&quot;background_background&quot;:&quot;classic&quot;,&quot;animation&quot;:&quot;none&quot;}\">\n\t\t\t\t\t<div class=\"e-con-inner\">\n\t\t<div class=\"elementor-element elementor-element-5d6cc3a e-con-full e-flex e-con e-child\" data-id=\"5d6cc3a\" data-element_type=\"container\">\n\t\t\t\t<div class=\"elementor-element elementor-element-5ef3a07 elementor-widget elementor-widget-heading\" data-id=\"5ef3a07\" data-element_type=\"widget\" data-widget_type=\"heading.default\">\n\t\t\t\t\t<h2 class=\"elementor-heading-title elementor-size-default\">Mon parcours d\u2019entrepreneur<\/h2>\t\t\t\t<\/div>\n\t\t\t\t<div class=\"elementor-element elementor-element-3b71066 elementor-widget elementor-widget-text-editor\" data-id=\"3b71066\" data-element_type=\"widget\" data-widget_type=\"text-editor.default\">\n\t\t\t\t\t\t\t\t\t<p>Originaire de Montpellier, j\u2019ai toujours eu la volont\u00e9 de cr\u00e9er et de b\u00e2tir. Apr\u00e8s plusieurs ann\u00e9es dans l\u2019immobilier d\u2019entreprise, j\u2019ai fond\u00e9 <strong data-start=\"1198\" data-end=\"1219\">Espace Entreprise<\/strong>, un lieu pens\u00e9 pour les entrepreneurs et les ind\u00e9pendants. Aujourd\u2019hui, mes deux centres \u00e0 <strong data-start=\"1311\" data-end=\"1322\">Garosud<\/strong> et au <strong data-start=\"1329\" data-end=\"1343\">Mill\u00e9naire<\/strong> accueillent chaque jour des centaines de professionnels, devenant des espaces o\u00f9 se rencontrent innovation, business et convivialit\u00e9.<\/p>\t\t\t\t\t\t\t\t<\/div>\n\t\t\t\t<div class=\"elementor-element elementor-element-501e5a1 elementor-widget elementor-widget-heading\" data-id=\"501e5a1\" data-element_type=\"widget\" data-widget_type=\"heading.default\">\n\t\t\t\t\t<h3 class=\"elementor-heading-title elementor-size-default\">Mes d\u00e9buts \u00e0 Montpellier<\/h3>\t\t\t\t<\/div>\n\t\t\t\t<div class=\"elementor-element elementor-element-1ec190f elementor-widget elementor-widget-text-editor\" data-id=\"1ec190f\" data-element_type=\"widget\" data-widget_type=\"text-editor.default\">\n\t\t\t\t\t\t\t\t\t<p>Mon parcours est aussi celui d\u2019un passionn\u00e9 de r\u00e9seaux humains : chaque rencontre, chaque projet m\u2019a appris qu\u2019un entrepreneur n\u2019avance jamais seul. C\u2019est cette philosophie que j\u2019ai voulu transmettre dans chacun de mes projets.<\/p>\t\t\t\t\t\t\t\t<\/div>\n\t\t\t\t<\/div>\n\t\t<div class=\"elementor-element elementor-element-ce42f3f e-con-full e-flex e-con e-child\" data-id=\"ce42f3f\" data-element_type=\"container\">\n\t\t\t\t<div class=\"elementor-element elementor-element-cdc7032 elementor-widget elementor-widget-image\" data-id=\"cdc7032\" data-element_type=\"widget\" data-widget_type=\"image.default\">\n\t\t\t\t\t\t\t\t\t\t\t\t\t\t\t<img fetchpriority=\"high\" decoding=\"async\" width=\"722\" height=\"1024\" src=\"https:\/\/nicolas-dulion.com\/wp-content\/uploads\/2025\/10\/172A7635-fotor-2025091917254_11zon-722x1024.webp\" class=\"attachment-large size-large wp-image-504\" alt=\"\" srcset=\"https:\/\/nicolas-dulion.com\/wp-content\/uploads\/2025\/10\/172A7635-fotor-2025091917254_11zon-722x1024.webp 722w, https:\/\/nicolas-dulion.com\/wp-content\/uploads\/2025\/10\/172A7635-fotor-2025091917254_11zon-212x300.webp 212w, https:\/\/nicolas-dulion.com\/wp-content\/uploads\/2025\/10\/172A7635-fotor-2025091917254_11zon-768x1089.webp 768w, https:\/\/nicolas-dulion.com\/wp-content\/uploads\/2025\/10\/172A7635-fotor-2025091917254_11zon-1084x1536.webp 1084w, https:\/\/nicolas-dulion.com\/wp-content\/uploads\/2025\/10\/172A7635-fotor-2025091917254_11zon.webp 1411w\" sizes=\"(max-width: 722px) 100vw, 722px\" \/>\t\t\t\t\t\t\t\t\t\t\t\t\t\t\t<\/div>\n\t\t\t\t<\/div>\n\t\t\t\t\t<\/div>\n\t\t\t\t<\/div>\n\t\t<div class=\"elementor-element elementor-element-15a1775 e-flex e-con-boxed e-con e-parent\" data-id=\"15a1775\" data-element_type=\"container\">\n\t\t\t\t\t<div class=\"e-con-inner\">\n\t\t\t\t<div class=\"elementor-element elementor-element-2745f96 elementor-widget elementor-widget-heading\" data-id=\"2745f96\" data-element_type=\"widget\" data-widget_type=\"heading.default\">\n\t\t\t\t\t<h2 class=\"elementor-heading-title elementor-size-default\">Ma vision de l\u2019entrepreneuriat<\/h2>\t\t\t\t<\/div>\n\t\t\t\t<div class=\"elementor-element elementor-element-e6ffc5d elementor-widget elementor-widget-text-editor\" data-id=\"e6ffc5d\" data-element_type=\"widget\" data-widget_type=\"text-editor.default\">\n\t\t\t\t\t\t\t\t\t<blockquote data-start=\"2061\" data-end=\"2522\"><p data-start=\"2063\" data-end=\"2269\">Pour moi, entreprendre, ce n\u2019est pas seulement cr\u00e9er une entreprise, c\u2019est construire un <strong data-start=\"2152\" data-end=\"2173\">\u00e9cosyst\u00e8me vivant<\/strong> o\u00f9 chacun contribue \u00e0 la r\u00e9ussite des autres.<br data-start=\"2219\" data-end=\"2222\" \/>J\u2019accorde une importance particuli\u00e8re \u00e0 :<\/p><ul data-start=\"2274\" data-end=\"2522\"><li data-start=\"2274\" data-end=\"2332\"><p data-start=\"2276\" data-end=\"2332\">\ud83e\udd1d L\u2019<strong data-start=\"2281\" data-end=\"2291\">humain<\/strong>, parce que les rencontres font avancer<\/p><\/li><li data-start=\"2337\" data-end=\"2378\"><p data-start=\"2339\" data-end=\"2378\">\ud83d\ude80 L\u2019<strong data-start=\"2344\" data-end=\"2354\">audace<\/strong>, pour oser et innover<\/p><\/li><li data-start=\"2383\" data-end=\"2463\"><p data-start=\"2385\" data-end=\"2463\">\ud83c\udf0d Le <strong data-start=\"2391\" data-end=\"2405\">territoire<\/strong>, car Montpellier est mon terrain de jeu et d\u2019engagement<\/p><\/li><li data-start=\"2468\" data-end=\"2522\"><p data-start=\"2470\" data-end=\"2522\">\ud83d\udca1 L\u2019<strong data-start=\"2475\" data-end=\"2489\">innovation<\/strong>, comme moteur de d\u00e9veloppement<\/p><\/li><\/ul><\/blockquote>\t\t\t\t\t\t\t\t<\/div>\n\t\t\t\t\t<\/div>\n\t\t\t\t<\/div>\n\t\t<div class=\"elementor-element elementor-element-83ea663 e-flex e-con-boxed e-con e-parent\" data-id=\"83ea663\" data-element_type=\"container\" data-settings=\"{&quot;background_background&quot;:&quot;classic&quot;}\">\n\t\t\t\t\t<div class=\"e-con-inner\">\n\t\t\t\t<div class=\"elementor-element elementor-element-9c552e6 elementor-widget elementor-widget-heading\" data-id=\"9c552e6\" data-element_type=\"widget\" data-widget_type=\"heading.default\">\n\t\t\t\t\t<h2 class=\"elementor-heading-title elementor-size-default\">Projets et engagements<\/h2>\t\t\t\t<\/div>\n\t\t<div class=\"elementor-element elementor-element-d511433 e-con-full e-flex e-con e-child\" data-id=\"d511433\" data-element_type=\"container\">\n\t\t<div class=\"elementor-element elementor-element-5c80a7c e-con-full e-flex e-con e-child\" data-id=\"5c80a7c\" data-element_type=\"container\">\n\t\t\t\t<div class=\"elementor-element elementor-element-a3d5c4c elementor-widget elementor-widget-icon-box\" data-id=\"a3d5c4c\" data-element_type=\"widget\" data-widget_type=\"icon-box.default\">\n\t\t\t\t\t\t\t<div class=\"elementor-icon-box-wrapper\">\n\n\t\t\t\n\t\t\t\t\t\t<div class=\"elementor-icon-box-content\">\n\n\t\t\t\t\t\t\t\t\t<h3 class=\"elementor-icon-box-title\">\n\t\t\t\t\t\t<span  >\n\t\t\t\t\t\t\t\ud83c\udfe2 <br>Espace Entreprise\t\t\t\t\t\t<\/span>\n\t\t\t\t\t<\/h3>\n\t\t\t\t\n\t\t\t\t\t\t\t\t\t<p class=\"elementor-icon-box-description\">\n\t\t\t\t\t\tDeux centres d\u2019affaires \u00e0 Montpellier, Garosud et Mill\u00e9naire, d\u00e9di\u00e9s aux entrepreneurs et \u00e0 la r\u00e9ussite collective.<br>\n\n\t\t\t\t\t<\/p>\n\t\t\t\t\n\t\t\t<\/div>\n\t\t\t\n\t\t<\/div>\n\t\t\t\t\t\t<\/div>\n\t\t\t\t<div class=\"elementor-element elementor-element-ad77f55 elementor-widget elementor-widget-text-editor\" data-id=\"ad77f55\" data-element_type=\"widget\" data-widget_type=\"text-editor.default\">\n\t\t\t\t\t\t\t\t\t<p>\ud83d\udc49 <a href=\"https:\/\/nicolas-dulion.com\/index.php\/espace-entreprise\/\">D\u00e9couvrir Espace Entreprise<\/a><\/p>\t\t\t\t\t\t\t\t<\/div>\n\t\t\t\t<\/div>\n\t\t<div class=\"elementor-element elementor-element-3eb57f6 e-con-full e-flex e-con e-child\" data-id=\"3eb57f6\" data-element_type=\"container\">\n\t\t\t\t<div class=\"elementor-element elementor-element-ccd3ae4 elementor-widget elementor-widget-icon-box\" data-id=\"ccd3ae4\" data-element_type=\"widget\" data-widget_type=\"icon-box.default\">\n\t\t\t\t\t\t\t<div class=\"elementor-icon-box-wrapper\">\n\n\t\t\t\n\t\t\t\t\t\t<div class=\"elementor-icon-box-content\">\n\n\t\t\t\t\t\t\t\t\t<h3 class=\"elementor-icon-box-title\">\n\t\t\t\t\t\t<span  >\n\t\t\t\t\t\t\t\ud83e\udd1d <br>Club LR\t\t\t\t\t\t<\/span>\n\t\t\t\t\t<\/h3>\n\t\t\t\t\n\t\t\t\t\t\t\t\t\t<p class=\"elementor-icon-box-description\">\n\t\t\t\t\t\tUn r\u00e9seau d\u2019entrepreneurs locaux favorisant \u00e9changes, business et convivialit\u00e9.\n<br><br><br>\n\n\n\n\n\n\t\t\t\t\t<\/p>\n\t\t\t\t\n\t\t\t<\/div>\n\t\t\t\n\t\t<\/div>\n\t\t\t\t\t\t<\/div>\n\t\t\t\t<div class=\"elementor-element elementor-element-8551b59 elementor-widget elementor-widget-text-editor\" data-id=\"8551b59\" data-element_type=\"widget\" data-widget_type=\"text-editor.default\">\n\t\t\t\t\t\t\t\t\t<p>\ud83d\udc49 <a href=\"https:\/\/nicolas-dulion.com\/index.php\/club-lr\/\">D\u00e9couvrir le Club LR<\/a><\/p>\t\t\t\t\t\t\t\t<\/div>\n\t\t\t\t<\/div>\n\t\t<div class=\"elementor-element elementor-element-d03f406 e-con-full e-flex e-con e-child\" data-id=\"d03f406\" data-element_type=\"container\">\n\t\t\t\t<div class=\"elementor-element elementor-element-61ab424 elementor-widget elementor-widget-icon-box\" data-id=\"61ab424\" data-element_type=\"widget\" data-widget_type=\"icon-box.default\">\n\t\t\t\t\t\t\t<div class=\"elementor-icon-box-wrapper\">\n\n\t\t\t\n\t\t\t\t\t\t<div class=\"elementor-icon-box-content\">\n\n\t\t\t\t\t\t\t\t\t<h3 class=\"elementor-icon-box-title\">\n\t\t\t\t\t\t<span  >\n\t\t\t\t\t\t\t\ud83c\udf07 <br>Association des Entreprises de Garosud\t\t\t\t\t\t<\/span>\n\t\t\t\t\t<\/h3>\n\t\t\t\t\n\t\t\t\t\t\t\t\t\t<p class=\"elementor-icon-box-description\">\n\t\t\t\t\t\tUne gouvernance collective au service de l\u2019attractivit\u00e9 \u00e9conomique du territoire et des entreprises implant\u00e9es sur la zone Garosud.\n<br>\t\t\t\t\t<\/p>\n\t\t\t\t\n\t\t\t<\/div>\n\t\t\t\n\t\t<\/div>\n\t\t\t\t\t\t<\/div>\n\t\t\t\t<div class=\"elementor-element elementor-element-1695734 elementor-widget elementor-widget-text-editor\" data-id=\"1695734\" data-element_type=\"widget\" data-widget_type=\"text-editor.default\">\n\t\t\t\t\t\t\t\t\t<p>\ud83d\udc49 <a href=\"https:\/\/nicolas-dulion.com\/index.php\/association-des-entreprises-de-garosud\/\">D\u00e9couvrir l&rsquo;association<\/a><\/p>\t\t\t\t\t\t\t\t<\/div>\n\t\t\t\t<\/div>\n\t\t\t\t<\/div>\n\t\t\t\t\t<\/div>\n\t\t\t\t<\/div>\n\t\t<div class=\"elementor-element elementor-element-0df6e8d e-flex e-con-boxed e-con e-parent\" data-id=\"0df6e8d\" data-element_type=\"container\" data-settings=\"{&quot;background_background&quot;:&quot;classic&quot;}\">\n\t\t\t\t\t<div class=\"e-con-inner\">\n\t\t\t\t<div class=\"elementor-element elementor-element-5524b9c elementor-widget elementor-widget-text-editor\" data-id=\"5524b9c\" data-element_type=\"widget\" data-widget_type=\"text-editor.default\">\n\t\t\t\t\t\t\t\t\t<p>\u00ab <em>Les plus belles r\u00e9ussites naissent toujours d\u2019une rencontre. C\u2019est en cr\u00e9ant du lien qu\u2019on b\u00e2tit l\u2019avenir.<\/em> \u00bb<\/p><p>\u2013 <strong data-start=\"3630\" data-end=\"3648\">Nicolas Dulion<\/strong><\/p>\t\t\t\t\t\t\t\t<\/div>\n\t\t\t\t\t<\/div>\n\t\t\t\t<\/div>\n\t\t\t\t<\/div>\n\t\t","protected":false},"excerpt":{"rendered":"<p>Coworking &#8211; Espace Entreprise Montpellier &#8211; Pitch de cr\u00e9ateurs d&rsquo;entreprise &#8211; Association des entreprises de Garosud Qui suis-je ? Entrepreneur [&hellip;]<\/p>\n","protected":false},"author":1,"featured_media":0,"parent":0,"menu_order":0,"comment_status":"closed","ping_status":"closed","template":"","meta":{"site-sidebar-layout":"no-sidebar","site-content-layout":"","ast-site-content-layout":"full-width-container","site-content-style":"default","site-sidebar-style":"default","ast-global-header-display":"","ast-banner-title-visibility":"","ast-main-header-display":"","ast-hfb-above-header-display":"","ast-hfb-below-header-display":"","ast-hfb-mobile-header-display":"","site-post-title":"disabled","ast-breadcrumbs-content":"","ast-featured-img":"disabled","footer-sml-layout":"","theme-transparent-header-meta":"","adv-header-id-meta":"","stick-header-meta":"","header-above-stick-meta":"","header-main-stick-meta":"","header-below-stick-meta":"","astra-migrate-meta-layouts":"default","ast-page-background-enabled":"default","ast-page-background-meta":{"desktop":{"background-color":"var(--ast-global-color-5)","background-image":"","background-repeat":"repeat","background-position":"center center","background-size":"auto","background-attachment":"scroll","background-type":"","background-media":"","overlay-type":"","overlay-color":"","overlay-opacity":"","overlay-gradient":""},"tablet":{"background-color":"","background-image":"","background-repeat":"repeat","background-position":"center center","background-size":"auto","background-attachment":"scroll","background-type":"","background-media":"","overlay-type":"","overlay-color":"","overlay-opacity":"","overlay-gradient":""},"mobile":{"background-color":"","background-image":"","background-repeat":"repeat","background-position":"center center","background-size":"auto","background-attachment":"scroll","background-type":"","background-media":"","overlay-type":"","overlay-color":"","overlay-opacity":"","overlay-gradient":""}},"ast-content-background-meta":{"desktop":{"background-color":"var(--ast-global-color-4)","background-image":"","background-repeat":"repeat","background-position":"center center","background-size":"auto","background-attachment":"scroll","background-type":"","background-media":"","overlay-type":"","overlay-color":"","overlay-opacity":"","overlay-gradient":""},"tablet":{"background-color":"var(--ast-global-color-4)","background-image":"","background-repeat":"repeat","background-position":"center center","background-size":"auto","background-attachment":"scroll","background-type":"","background-media":"","overlay-type":"","overlay-color":"","overlay-opacity":"","overlay-gradient":""},"mobile":{"background-color":"var(--ast-global-color-4)","background-image":"","background-repeat":"repeat","background-position":"center center","background-size":"auto","background-attachment":"scroll","background-type":"","background-media":"","overlay-type":"","overlay-color":"","overlay-opacity":"","overlay-gradient":""}},"footnotes":""},"class_list":["post-500","page","type-page","status-publish","hentry"],"yoast_head":"<!-- This site is optimized with the Yoast SEO plugin v26.0 - https:\/\/yoast.com\/wordpress\/plugins\/seo\/ -->\n<title>Qui suis-je ? - Nicolas Dulion<\/title>\n<meta name=\"description\" content=\"Entrepreneur montpelli\u00e9rain, b\u00e2tisseur de r\u00e9seaux et acteur engag\u00e9 du territoire\" \/>\n<meta name=\"robots\" content=\"index, follow, max-snippet:-1, max-image-preview:large, max-video-preview:-1\" \/>\n<link rel=\"canonical\" href=\"https:\/\/nicolas-dulion.com\/index.php\/qui-suis-je\/\" \/>\n<meta property=\"og:locale\" content=\"fr_FR\" \/>\n<meta property=\"og:type\" content=\"article\" \/>\n<meta property=\"og:title\" content=\"Qui suis-je ? - Nicolas Dulion\" \/>\n<meta property=\"og:description\" content=\"Entrepreneur montpelli\u00e9rain, b\u00e2tisseur de r\u00e9seaux et acteur engag\u00e9 du territoire\" \/>\n<meta property=\"og:url\" content=\"https:\/\/nicolas-dulion.com\/index.php\/qui-suis-je\/\" \/>\n<meta property=\"og:site_name\" content=\"Nicolas Dulion\" \/>\n<meta property=\"article:modified_time\" content=\"2025-11-03T15:42:58+00:00\" \/>\n<meta property=\"og:image\" content=\"http:\/\/nicolas-dulion.com\/wp-content\/uploads\/2025\/10\/172A7635-fotor-2025091917254_11zon-722x1024.webp\" \/>\n<meta name=\"twitter:card\" content=\"summary_large_image\" \/>\n<meta name=\"twitter:label1\" content=\"Dur\u00e9e de lecture estim\u00e9e\" \/>\n\t<meta name=\"twitter:data1\" content=\"3 minutes\" \/>\n<script type=\"application\/ld+json\" class=\"yoast-schema-graph\">{\"@context\":\"https:\/\/schema.org\",\"@graph\":[{\"@type\":\"WebPage\",\"@id\":\"https:\/\/nicolas-dulion.com\/index.php\/qui-suis-je\/\",\"url\":\"https:\/\/nicolas-dulion.com\/index.php\/qui-suis-je\/\",\"name\":\"Qui suis-je ? - Nicolas Dulion\",\"isPartOf\":{\"@id\":\"https:\/\/nicolas-dulion.com\/#website\"},\"primaryImageOfPage\":{\"@id\":\"https:\/\/nicolas-dulion.com\/index.php\/qui-suis-je\/#primaryimage\"},\"image\":{\"@id\":\"https:\/\/nicolas-dulion.com\/index.php\/qui-suis-je\/#primaryimage\"},\"thumbnailUrl\":\"http:\/\/nicolas-dulion.com\/wp-content\/uploads\/2025\/10\/172A7635-fotor-2025091917254_11zon-722x1024.webp\",\"datePublished\":\"2025-10-31T09:39:28+00:00\",\"dateModified\":\"2025-11-03T15:42:58+00:00\",\"description\":\"Entrepreneur montpelli\u00e9rain, b\u00e2tisseur de r\u00e9seaux et acteur engag\u00e9 du territoire\",\"breadcrumb\":{\"@id\":\"https:\/\/nicolas-dulion.com\/index.php\/qui-suis-je\/#breadcrumb\"},\"inLanguage\":\"fr-FR\",\"potentialAction\":[{\"@type\":\"ReadAction\",\"target\":[\"https:\/\/nicolas-dulion.com\/index.php\/qui-suis-je\/\"]}]},{\"@type\":\"ImageObject\",\"inLanguage\":\"fr-FR\",\"@id\":\"https:\/\/nicolas-dulion.com\/index.php\/qui-suis-je\/#primaryimage\",\"url\":\"http:\/\/nicolas-dulion.com\/wp-content\/uploads\/2025\/10\/172A7635-fotor-2025091917254_11zon-722x1024.webp\",\"contentUrl\":\"http:\/\/nicolas-dulion.com\/wp-content\/uploads\/2025\/10\/172A7635-fotor-2025091917254_11zon-722x1024.webp\"},{\"@type\":\"BreadcrumbList\",\"@id\":\"https:\/\/nicolas-dulion.com\/index.php\/qui-suis-je\/#breadcrumb\",\"itemListElement\":[{\"@type\":\"ListItem\",\"position\":1,\"name\":\"Home\",\"item\":\"https:\/\/nicolas-dulion.com\/\"},{\"@type\":\"ListItem\",\"position\":2,\"name\":\"Qui suis-je ?\"}]},{\"@type\":\"WebSite\",\"@id\":\"https:\/\/nicolas-dulion.com\/#website\",\"url\":\"https:\/\/nicolas-dulion.com\/\",\"name\":\"Nicolas Dulion\",\"description\":\"Coworking - Espace Entreprise Montpellier - Pitch de cr\u00e9ateurs d&#039;entreprise - Association des entreprises de Garosud\",\"publisher\":{\"@id\":\"https:\/\/nicolas-dulion.com\/#organization\"},\"potentialAction\":[{\"@type\":\"SearchAction\",\"target\":{\"@type\":\"EntryPoint\",\"urlTemplate\":\"https:\/\/nicolas-dulion.com\/?s={search_term_string}\"},\"query-input\":{\"@type\":\"PropertyValueSpecification\",\"valueRequired\":true,\"valueName\":\"search_term_string\"}}],\"inLanguage\":\"fr-FR\"},{\"@type\":\"Organization\",\"@id\":\"https:\/\/nicolas-dulion.com\/#organization\",\"name\":\"Nicolas Dulion\",\"url\":\"https:\/\/nicolas-dulion.com\/\",\"logo\":{\"@type\":\"ImageObject\",\"inLanguage\":\"fr-FR\",\"@id\":\"https:\/\/nicolas-dulion.com\/#\/schema\/logo\/image\/\",\"url\":\"https:\/\/nicolas-dulion.com\/wp-content\/uploads\/2025\/10\/E-Grimaud-E-GRIMAUD_55A8140-E-scaled.jpg\",\"contentUrl\":\"https:\/\/nicolas-dulion.com\/wp-content\/uploads\/2025\/10\/E-Grimaud-E-GRIMAUD_55A8140-E-scaled.jpg\",\"width\":2560,\"height\":2560,\"caption\":\"Nicolas Dulion\"},\"image\":{\"@id\":\"https:\/\/nicolas-dulion.com\/#\/schema\/logo\/image\/\"}}]}<\/script>\n<!-- \/ Yoast SEO plugin. -->","yoast_head_json":{"title":"Qui suis-je ? - Nicolas Dulion","description":"Entrepreneur montpelli\u00e9rain, b\u00e2tisseur de r\u00e9seaux et acteur engag\u00e9 du territoire","robots":{"index":"index","follow":"follow","max-snippet":"max-snippet:-1","max-image-preview":"max-image-preview:large","max-video-preview":"max-video-preview:-1"},"canonical":"https:\/\/nicolas-dulion.com\/index.php\/qui-suis-je\/","og_locale":"fr_FR","og_type":"article","og_title":"Qui suis-je ? - Nicolas Dulion","og_description":"Entrepreneur montpelli\u00e9rain, b\u00e2tisseur de r\u00e9seaux et acteur engag\u00e9 du territoire","og_url":"https:\/\/nicolas-dulion.com\/index.php\/qui-suis-je\/","og_site_name":"Nicolas Dulion","article_modified_time":"2025-11-03T15:42:58+00:00","og_image":[{"url":"http:\/\/nicolas-dulion.com\/wp-content\/uploads\/2025\/10\/172A7635-fotor-2025091917254_11zon-722x1024.webp","type":"","width":"","height":""}],"twitter_card":"summary_large_image","twitter_misc":{"Dur\u00e9e de lecture estim\u00e9e":"3 minutes"},"schema":{"@context":"https:\/\/schema.org","@graph":[{"@type":"WebPage","@id":"https:\/\/nicolas-dulion.com\/index.php\/qui-suis-je\/","url":"https:\/\/nicolas-dulion.com\/index.php\/qui-suis-je\/","name":"Qui suis-je ? - Nicolas Dulion","isPartOf":{"@id":"https:\/\/nicolas-dulion.com\/#website"},"primaryImageOfPage":{"@id":"https:\/\/nicolas-dulion.com\/index.php\/qui-suis-je\/#primaryimage"},"image":{"@id":"https:\/\/nicolas-dulion.com\/index.php\/qui-suis-je\/#primaryimage"},"thumbnailUrl":"http:\/\/nicolas-dulion.com\/wp-content\/uploads\/2025\/10\/172A7635-fotor-2025091917254_11zon-722x1024.webp","datePublished":"2025-10-31T09:39:28+00:00","dateModified":"2025-11-03T15:42:58+00:00","description":"Entrepreneur montpelli\u00e9rain, b\u00e2tisseur de r\u00e9seaux et acteur engag\u00e9 du territoire","breadcrumb":{"@id":"https:\/\/nicolas-dulion.com\/index.php\/qui-suis-je\/#breadcrumb"},"inLanguage":"fr-FR","potentialAction":[{"@type":"ReadAction","target":["https:\/\/nicolas-dulion.com\/index.php\/qui-suis-je\/"]}]},{"@type":"ImageObject","inLanguage":"fr-FR","@id":"https:\/\/nicolas-dulion.com\/index.php\/qui-suis-je\/#primaryimage","url":"http:\/\/nicolas-dulion.com\/wp-content\/uploads\/2025\/10\/172A7635-fotor-2025091917254_11zon-722x1024.webp","contentUrl":"http:\/\/nicolas-dulion.com\/wp-content\/uploads\/2025\/10\/172A7635-fotor-2025091917254_11zon-722x1024.webp"},{"@type":"BreadcrumbList","@id":"https:\/\/nicolas-dulion.com\/index.php\/qui-suis-je\/#breadcrumb","itemListElement":[{"@type":"ListItem","position":1,"name":"Home","item":"https:\/\/nicolas-dulion.com\/"},{"@type":"ListItem","position":2,"name":"Qui suis-je ?"}]},{"@type":"WebSite","@id":"https:\/\/nicolas-dulion.com\/#website","url":"https:\/\/nicolas-dulion.com\/","name":"Nicolas Dulion","description":"Coworking - Espace Entreprise Montpellier - Pitch de cr\u00e9ateurs d&#039;entreprise - Association des entreprises de Garosud","publisher":{"@id":"https:\/\/nicolas-dulion.com\/#organization"},"potentialAction":[{"@type":"SearchAction","target":{"@type":"EntryPoint","urlTemplate":"https:\/\/nicolas-dulion.com\/?s={search_term_string}"},"query-input":{"@type":"PropertyValueSpecification","valueRequired":true,"valueName":"search_term_string"}}],"inLanguage":"fr-FR"},{"@type":"Organization","@id":"https:\/\/nicolas-dulion.com\/#organization","name":"Nicolas Dulion","url":"https:\/\/nicolas-dulion.com\/","logo":{"@type":"ImageObject","inLanguage":"fr-FR","@id":"https:\/\/nicolas-dulion.com\/#\/schema\/logo\/image\/","url":"https:\/\/nicolas-dulion.com\/wp-content\/uploads\/2025\/10\/E-Grimaud-E-GRIMAUD_55A8140-E-scaled.jpg","contentUrl":"https:\/\/nicolas-dulion.com\/wp-content\/uploads\/2025\/10\/E-Grimaud-E-GRIMAUD_55A8140-E-scaled.jpg","width":2560,"height":2560,"caption":"Nicolas Dulion"},"image":{"@id":"https:\/\/nicolas-dulion.com\/#\/schema\/logo\/image\/"}}]}},"_links":{"self":[{"href":"https:\/\/nicolas-dulion.com\/index.php\/wp-json\/wp\/v2\/pages\/500","targetHints":{"allow":["GET"]}}],"collection":[{"href":"https:\/\/nicolas-dulion.com\/index.php\/wp-json\/wp\/v2\/pages"}],"about":[{"href":"https:\/\/nicolas-dulion.com\/index.php\/wp-json\/wp\/v2\/types\/page"}],"author":[{"embeddable":true,"href":"https:\/\/nicolas-dulion.com\/index.php\/wp-json\/wp\/v2\/users\/1"}],"replies":[{"embeddable":true,"href":"https:\/\/nicolas-dulion.com\/index.php\/wp-json\/wp\/v2\/comments?post=500"}],"version-history":[{"count":26,"href":"https:\/\/nicolas-dulion.com\/index.php\/wp-json\/wp\/v2\/pages\/500\/revisions"}],"predecessor-version":[{"id":639,"href":"https:\/\/nicolas-dulion.com\/index.php\/wp-json\/wp\/v2\/pages\/500\/revisions\/639"}],"wp:attachment":[{"href":"https:\/\/nicolas-dulion.com\/index.php\/wp-json\/wp\/v2\/media?parent=500"}],"curies":[{"name":"wp","href":"https:\/\/api.w.org\/{rel}","templated":true}]}}